{"id":2805,"date":"2015-02-12T21:19:06","date_gmt":"2015-02-12T20:19:06","guid":{"rendered":"http:\/\/westino.com\/wpp\/?page_id=2805"},"modified":"2015-02-23T17:54:38","modified_gmt":"2015-02-23T16:54:38","slug":"impressum","status":"publish","type":"page","link":"https:\/\/westino.com\/wpp\/index.php\/impressum\/","title":{"rendered":"Impressum"},"content":{"rendered":"<!--themify_builder_content-->\n<div id=\"themify_builder_content-2805\" data-postid=\"2805\" class=\"themify_builder_content themify_builder_content-2805 themify_builder tf_clear\">\n                    <div  data-lazy=\"1\" class=\"module_row themify_builder_row tb_efwq009 tb_first tf_w\">\n                        <div class=\"row_inner col_align_top tb_col_count_1 tf_box tf_rel\">\n                        <div  data-lazy=\"1\" class=\"module_column tb-column col-full  tb_hx9e498 first\">\n                    <!-- module text -->\n<div  class=\"module module-text tb_3mqg000   \" data-lazy=\"1\">\n        <div  class=\"tb_text_wrap\">\n        <h2><strong>Impressum<\/strong><\/h2>\n<h3><b>Verantwortlichkeit<\/b><\/h3>\n<p>Die Westino GmbH ist als Inhaltsanbieter (Content provider) nach dem Telemediengesetz vom 01.03.2007 (TMG) f\u00fcr die \\&#8220;eigenen Inhalte\\&#8220;, die sie zur Nutzung bereith\u00e4lt, nach den allgemeinen Gesetzen verantwortlich. Von diesen eigenen Inhalten sind Querverweise (\\&#8220;Links\\&#8220;) auf die von anderen Anbietern bereitgehaltenen Inhalte zu unterscheiden. Durch den Querverweis h\u00e4lt Westino insofern \\&#8220;fremde Inhalte\\&#8220; zur Nutzung bereit. F\u00fcr diese fremden Inhalte ist Westino nur dann verantwortlich, wenn sie von ihnen (d.h. auch von einem rechtswidrigen bzw. strafbaren Inhalt) positive Kenntnis hat und es ihr technisch m\u00f6glich und zumutbar ist, deren Nutzung zu verhindern.<br \/>\nBei \\&#8220;Links\\&#8220; handelt es sich allerdings stets um dynamische Verweisungen. Die Westino GmbH hat bei der erstmaligen Verkn\u00fcpfung zwar den fremden Inhalt daraufhin \u00fcberpr\u00fcft, ob durch ihn eine m\u00f6gliche zivilrechtliche oder strafrechtliche Verantwortlichkeit ausgel\u00f6st wird. Westino ist aber nicht dazu verpflichtet, die Inhalte, auf die sie in ihrem Angebot verweist, st\u00e4ndig auf Ver\u00e4nderungen zu \u00fcberpr\u00fcfen, die eine Verantwortlichkeit neu begr\u00fcnden k\u00f6nnten. Erst wenn sie feststellt oder von anderen darauf hingewiesen wird, dass ein konkretes Angebot, zu dem sie einen Link bereitgestellt hat, eine zivil- oder strafrechtliche Verantwortlichkeit ausl\u00f6st, wird sie den Verweis auf dieses Angebot aufheben, soweit dies technisch m\u00f6glich und zumutbar ist. Die technische M\u00f6glichkeit und Zumutbarkeit wird nicht dadurch beeinflusst, dass auch nach Unterbindung des Zugriffs von der Seal One Homepage von anderen Servern aus auf das rechtswidrige oder strafbare Angebot zugegriffen werden kann<\/p>\n<h3><b>Gew\u00e4hrleistung \/ Haftungsausschluss<\/b><\/h3>\n<p>Die Informationen, die wir f\u00fcr Sie auf dieser Web-Site bereitstellen, wurden sorgf\u00e4ltig gepr\u00fcft und werden von uns regelm\u00e4\u00dfig aktualisiert. Bitte haben Sie Verst\u00e4ndnis daf\u00fcr, dass wir keine Garantie daf\u00fcr \u00fcbernehmen k\u00f6nnen, ob alle Angaben zu jeder Zeit vollst\u00e4ndig, richtig und in letzter Aktualit\u00e4t dargestellt sind. Dies gilt insbesondere f\u00fcr alle Verbindungen (\\&#8220;Links\\&#8220;) zu anderen Web-Sites, auf die wir direkt oder indirekt verweisen. Eine Erg\u00e4nzung, Entfernung oder \u00c4nderung aller Angaben kann von uns ohne vorherige Ank\u00fcndigung durchgef\u00fchrt werden. Die Informationen stellt die Westino GmbH ohne jegliche Zusicherung oder Gew\u00e4hrleistung jedweder Art, sei sie ausdr\u00fccklich oder stillschweigend, zur Verf\u00fcgung. Ausgeschlossen sind auch alle stillschweigenden Gew\u00e4hrleistungen betreffend die Handelsf\u00e4higkeit, die Eignung f\u00fcr bestimmte Zwecke oder den Nichtversto\u00df gegen Gesetze und Patente. Auch wenn wir davon ausgehen, dass die von uns gegebenen Informationen zutreffend sind, k\u00f6nnen sie dennoch Fehler oder Ungenauigkeiten enthalten.<\/p>\n<h3><b>Urheberrecht<\/b><\/h3>\n<p>Copyright 2015 Westino GmbH. Alle Rechte vorbehalten. Alle Texte, Bilder, Graphiken, Ton-, Video- und Animationsdateien sowie ihre Arrangements unterliegen dem Urheberrecht und anderen Gesetzen zum Schutz geistigen Eigentums. Sie d\u00fcrfen weder f\u00fcr Handelszwecke oder zur Weitergabe kopiert, noch ver\u00e4ndert und auf anderen Web-Sites verwendet werden.<\/p>\n<h3><strong>Angaben gem\u00e4\u00df \u00a7 5 TMG<\/strong><\/h3>\n<p><strong>Westino\u00a0GmbH<\/strong><br \/>\nAlte Mainzer Gasse 15<br \/>\n60311 Frankfurt am Main<\/p>\n<p><img class=\\\"alignnone wp-image-2982 size-full\\\" src=\\\"\/wpp\/wp-content\/uploads\/2015\/02\/email.png\\\" alt=\\\"email\\\" width=\\\"178\\\" height=\\\"16\\\" \/><\/p>\n<h3>Gesch\u00e4ftsf\u00fchrer:<\/h3>\n    <\/div>\n<\/div>\n<!-- \/module text -->        <\/div>\n                        <\/div>\n        <\/div>\n                        <div  data-lazy=\"1\" class=\"module_row themify_builder_row tb_dcqi847 tf_w\">\n                        <div class=\"row_inner col_align_top tb_col_count_3 tf_box tf_rel\">\n                        <div  data-lazy=\"1\" class=\"module_column tb-column col3-1  tb_tnd1440 first\">\n                    <!-- module image -->\n<div  class=\"module module-image tb_6q7z000 image-top rounded  tf_mw\" data-lazy=\"1\">\n        <div class=\"image-wrap tf_rel tf_mw\">\n            <img loading=\"lazy\" decoding=\"async\" src=\"\/wpp\/wp-content\/uploads\/2015\/02\/C0D3R_Impressum_MS1.png\" width=\"138\" height=\"250\" title=\"Maik Stohn\" alt=\"Maik Stohn\">    \n        <\/div>\n    <!-- \/image-wrap -->\n    \n        <div class=\"image-content\">\n                    <h3 class=\"image-title\">\n                                    Maik Stohn                            <\/h3>\n                    <\/div>\n    <!-- \/image-content -->\n        <\/div>\n<!-- \/module image -->        <\/div>\n                    <div  data-lazy=\"1\" class=\"module_column tb-column col3-1 tb_kezo888\">\n                    <!-- module image -->\n<div  class=\"module module-image tb_xtxz408 image-top    tf_mw\" data-lazy=\"1\">\n        <div class=\"image-wrap tf_rel tf_mw\">\n            <img loading=\"lazy\" decoding=\"async\" src=\"\/wpp\/wp-content\/uploads\/2015\/02\/C0D3R_Impressum_JW1.png\" width=\"138\" height=\"250\" title=\"J\u00fcrgen Wei\u00df\" alt=\"J\u00fcrgen Wei\u00df\">    \n        <\/div>\n    <!-- \/image-wrap -->\n    \n        <div class=\"image-content\">\n                    <h3 class=\"image-title\">\n                                    J\u00fcrgen Wei\u00df                            <\/h3>\n                    <\/div>\n    <!-- \/image-content -->\n        <\/div>\n<!-- \/module image -->        <\/div>\n                    <div  data-lazy=\"1\" class=\"module_column tb-column col3-1  tb_u1mr818 last\">\n                            <\/div>\n                        <\/div>\n        <\/div>\n                        <div  data-lazy=\"1\" class=\"module_row themify_builder_row tb_cydn000 tf_w\">\n                        <div class=\"row_inner col_align_top tb_col_count_1 tf_box tf_rel\">\n                        <div  data-lazy=\"1\" class=\"module_column tb-column col-full  tb_a7qp801 first\">\n                    <!-- module text -->\n<div  class=\"module module-text tb_7tlr120   \" data-lazy=\"1\">\n        <div  class=\"tb_text_wrap\">\n        <p>\u00a0<\/p><p>Handelsregister:\u00a0HRB Nr. 85866 Amtsgericht Frankfurt\/Main<\/p><p>Ust-IdNr.:\u00a0DE266739320<\/p><h3><strong>Verantwortlich f\u00fcr den Inhalt nach \u00a7 55 Abs. 2 RStV<\/strong><\/h3><p>J\u00fcrgen Wei\u00df<br \/> Alte Mainzer Gasse 15<br \/> 60311 Frankfurt am Main<\/p>    <\/div>\n<\/div>\n<!-- \/module text -->        <\/div>\n                        <\/div>\n        <\/div>\n        <\/div>\n<!--\/themify_builder_content-->\n","protected":false},"excerpt":{"rendered":"<p>Impressum Verantwortlichkeit Die Westino GmbH ist als Inhaltsanbieter (Content provider) nach dem Telemediengesetz vom 01.03.2007 (TMG) f\u00fcr die \\&#8220;eigenen Inhalte\\&#8220;, die sie zur Nutzung bereith\u00e4lt, nach den allgemeinen Gesetzen verantwortlich. Von diesen eigenen Inhalten sind Querverweise (\\&#8220;Links\\&#8220;) auf die von anderen Anbietern bereitgehaltenen Inhalte zu unterscheiden. Durch den Querverweis h\u00e4lt Westino insofern \\&#8220;fremde Inhalte\\&#8220; zur [&hellip;]<\/p>\n","protected":false},"author":1,"featured_media":0,"parent":0,"menu_order":0,"comment_status":"open","ping_status":"open","template":"","meta":{"footnotes":""},"class_list":["post-2805","page","type-page","status-publish","hentry","has-post-title","has-post-date","has-post-category","has-post-tag","has-post-comment","has-post-author",""],"builder_content":"<h2><strong>Impressum<\/strong><\/h2> <h3><b>Verantwortlichkeit<\/b><\/h3> <p>Die Westino GmbH ist als Inhaltsanbieter (Content provider) nach dem Telemediengesetz vom 01.03.2007 (TMG) f\u00fcr die \\\"eigenen Inhalte\\\", die sie zur Nutzung bereith\u00e4lt, nach den allgemeinen Gesetzen verantwortlich. Von diesen eigenen Inhalten sind Querverweise (\\\"Links\\\") auf die von anderen Anbietern bereitgehaltenen Inhalte zu unterscheiden. Durch den Querverweis h\u00e4lt Westino insofern \\\"fremde Inhalte\\\" zur Nutzung bereit. F\u00fcr diese fremden Inhalte ist Westino nur dann verantwortlich, wenn sie von ihnen (d.h. auch von einem rechtswidrigen bzw. strafbaren Inhalt) positive Kenntnis hat und es ihr technisch m\u00f6glich und zumutbar ist, deren Nutzung zu verhindern.<br \/> Bei \\\"Links\\\" handelt es sich allerdings stets um dynamische Verweisungen. Die Westino GmbH hat bei der erstmaligen Verkn\u00fcpfung zwar den fremden Inhalt daraufhin \u00fcberpr\u00fcft, ob durch ihn eine m\u00f6gliche zivilrechtliche oder strafrechtliche Verantwortlichkeit ausgel\u00f6st wird. Westino ist aber nicht dazu verpflichtet, die Inhalte, auf die sie in ihrem Angebot verweist, st\u00e4ndig auf Ver\u00e4nderungen zu \u00fcberpr\u00fcfen, die eine Verantwortlichkeit neu begr\u00fcnden k\u00f6nnten. Erst wenn sie feststellt oder von anderen darauf hingewiesen wird, dass ein konkretes Angebot, zu dem sie einen Link bereitgestellt hat, eine zivil- oder strafrechtliche Verantwortlichkeit ausl\u00f6st, wird sie den Verweis auf dieses Angebot aufheben, soweit dies technisch m\u00f6glich und zumutbar ist. Die technische M\u00f6glichkeit und Zumutbarkeit wird nicht dadurch beeinflusst, dass auch nach Unterbindung des Zugriffs von der Seal One Homepage von anderen Servern aus auf das rechtswidrige oder strafbare Angebot zugegriffen werden kann<\/p> <h3><b>Gew\u00e4hrleistung \/ Haftungsausschluss<\/b><\/h3> <p>Die Informationen, die wir f\u00fcr Sie auf dieser Web-Site bereitstellen, wurden sorgf\u00e4ltig gepr\u00fcft und werden von uns regelm\u00e4\u00dfig aktualisiert. Bitte haben Sie Verst\u00e4ndnis daf\u00fcr, dass wir keine Garantie daf\u00fcr \u00fcbernehmen k\u00f6nnen, ob alle Angaben zu jeder Zeit vollst\u00e4ndig, richtig und in letzter Aktualit\u00e4t dargestellt sind. Dies gilt insbesondere f\u00fcr alle Verbindungen (\\\"Links\\\") zu anderen Web-Sites, auf die wir direkt oder indirekt verweisen. Eine Erg\u00e4nzung, Entfernung oder \u00c4nderung aller Angaben kann von uns ohne vorherige Ank\u00fcndigung durchgef\u00fchrt werden. Die Informationen stellt die Westino GmbH ohne jegliche Zusicherung oder Gew\u00e4hrleistung jedweder Art, sei sie ausdr\u00fccklich oder stillschweigend, zur Verf\u00fcgung. Ausgeschlossen sind auch alle stillschweigenden Gew\u00e4hrleistungen betreffend die Handelsf\u00e4higkeit, die Eignung f\u00fcr bestimmte Zwecke oder den Nichtversto\u00df gegen Gesetze und Patente. Auch wenn wir davon ausgehen, dass die von uns gegebenen Informationen zutreffend sind, k\u00f6nnen sie dennoch Fehler oder Ungenauigkeiten enthalten.<\/p> <h3><b>Urheberrecht<\/b><\/h3> <p>Copyright 2015 Westino GmbH. Alle Rechte vorbehalten. Alle Texte, Bilder, Graphiken, Ton-, Video- und Animationsdateien sowie ihre Arrangements unterliegen dem Urheberrecht und anderen Gesetzen zum Schutz geistigen Eigentums. Sie d\u00fcrfen weder f\u00fcr Handelszwecke oder zur Weitergabe kopiert, noch ver\u00e4ndert und auf anderen Web-Sites verwendet werden.<\/p> <h3><strong>Angaben gem\u00e4\u00df \u00a7 5 TMG<\/strong><\/h3> <p><strong>Westino\u00a0GmbH<\/strong><br \/> Alte Mainzer Gasse 15<br \/> 60311 Frankfurt am Main<\/p> <p><img class=\\\"alignnone wp-image-2982 size-full\\\" src=\\\"\/wpp\/wp-content\/uploads\/2015\/02\/email.png\\\" alt=\\\"email\\\" width=\\\"178\\\" height=\\\"16\\\" \/><\/p> <h3>Gesch\u00e4ftsf\u00fchrer:<\/h3>\n<img src=\"\/wpp\/wp-content\/uploads\/2015\/02\/C0D3R_Impressum_MS1.png\" width=\"138\" height=\"250\" title=\"Maik Stohn\" alt=\"Maik Stohn\"> <h3> Maik Stohn <\/h3>\n<img src=\"\/wpp\/wp-content\/uploads\/2015\/02\/C0D3R_Impressum_JW1.png\" width=\"138\" height=\"250\" title=\"J\u00fcrgen Wei\u00df\" alt=\"J\u00fcrgen Wei\u00df\"> <h3> J\u00fcrgen Wei\u00df <\/h3>\n<p>\u00a0<\/p><p>Handelsregister:\u00a0HRB Nr. 85866 Amtsgericht Frankfurt\/Main<\/p><p>Ust-IdNr.:\u00a0DE266739320<\/p><h3><strong>Verantwortlich f\u00fcr den Inhalt nach \u00a7 55 Abs. 2 RStV<\/strong><\/h3><p>J\u00fcrgen Wei\u00df<br \/> Alte Mainzer Gasse 15<br \/> 60311 Frankfurt am Main<\/p>","_links":{"self":[{"href":"https:\/\/westino.com\/wpp\/index.php\/wp-json\/wp\/v2\/pages\/2805","targetHints":{"allow":["GET"]}}],"collection":[{"href":"https:\/\/westino.com\/wpp\/index.php\/wp-json\/wp\/v2\/pages"}],"about":[{"href":"https:\/\/westino.com\/wpp\/index.php\/wp-json\/wp\/v2\/types\/page"}],"author":[{"embeddable":true,"href":"https:\/\/westino.com\/wpp\/index.php\/wp-json\/wp\/v2\/users\/1"}],"replies":[{"embeddable":true,"href":"https:\/\/westino.com\/wpp\/index.php\/wp-json\/wp\/v2\/comments?post=2805"}],"version-history":[{"count":5,"href":"https:\/\/westino.com\/wpp\/index.php\/wp-json\/wp\/v2\/pages\/2805\/revisions"}],"predecessor-version":[{"id":2892,"href":"https:\/\/westino.com\/wpp\/index.php\/wp-json\/wp\/v2\/pages\/2805\/revisions\/2892"}],"wp:attachment":[{"href":"https:\/\/westino.com\/wpp\/index.php\/wp-json\/wp\/v2\/media?parent=2805"}],"curies":[{"name":"wp","href":"https:\/\/api.w.org\/{rel}","templated":true}]}}