{"id":2819,"date":"2015-02-12T22:17:29","date_gmt":"2015-02-12T21:17:29","guid":{"rendered":"http:\/\/westino.com\/wpp\/?page_id=2819"},"modified":"2015-02-19T21:11:06","modified_gmt":"2015-02-19T20:11:06","slug":"kundeninformationen","status":"publish","type":"page","link":"https:\/\/westino.com\/wpp\/index.php\/kundeninformationen\/","title":{"rendered":"Kundeninformationen"},"content":{"rendered":"<!--themify_builder_content-->\n<div id=\"themify_builder_content-2819\" data-postid=\"2819\" class=\"themify_builder_content themify_builder_content-2819 themify_builder tf_clear\">\n                    <div  data-lazy=\"1\" class=\"module_row themify_builder_row tb_uwdy662 tb_first tf_w\">\n                        <div class=\"row_inner col_align_top tb_col_count_1 tf_box tf_rel\">\n                        <div  data-lazy=\"1\" class=\"module_column tb-column col-full  tb_ptmp435 first\">\n                    <!-- module text -->\n<div  class=\"module module-text tb_8me9925   \" data-lazy=\"1\">\n        <div  class=\"tb_text_wrap\">\n        <h2><strong>Kundeninformationen<\/strong><\/h2><h3><strong>1. Warenkorb<\/strong><\/h3>    <\/div>\n<\/div>\n<!-- \/module text -->        <\/div>\n                        <\/div>\n        <\/div>\n                        <div  data-lazy=\"1\" class=\"module_row themify_builder_row tb_zvyd268 tf_w\">\n                        <div class=\"row_inner col_align_top tb_col_count_2 tf_box tf_rel\">\n                        <div  data-lazy=\"1\" class=\"module_column tb-column col4-1  tb_373o703 first\">\n                    <!-- module image -->\n<div  class=\"module module-image tb_kxlz242 image-left rounded  tf_mw\" data-lazy=\"1\">\n        <div class=\"image-wrap tf_rel tf_mw\">\n            <img loading=\"lazy\" decoding=\"async\" src=\"\/wpp\/wp-content\/uploads\/2014\/10\/C0D3R_shopping_cart.png\" width=\"138\" height=\"250\" title=\"Kundeninformationen\" alt=\"Kundeninformationen\">    \n        <\/div>\n    <!-- \/image-wrap -->\n    \n        <\/div>\n<!-- \/module image -->        <\/div>\n                    <div  data-lazy=\"1\" class=\"module_column tb-column col4-3  tb_20s0322 last\">\n                    <!-- module text -->\n<div  class=\"module module-text tb_z4ko509   \" data-lazy=\"1\">\n        <div  class=\"tb_text_wrap\">\n        <p>W\u00e4hlen Sie die Produkte aus, die Sie bestellen m\u00f6chten, indem Sie den \u201cIn den Warenkorb\u201d Button anklicken. Dadurch wird Ihre Auswahl in den Warenkorb gelegt. Sie k\u00f6nnen diese Auswahl bis zum Absenden Ihrer Bestellung jederzeit \u00e4ndern, in dem Sie die Anzahl der Produkte \u00e4ndern, durch Anklicken des K\u00e4stchens \u201cEntfernen\u201d die Auswahl l\u00f6schen oder den Bestellvorgang abbrechen. Durch Anklicken von \u201cWeiter zur Kasse\u201d gelangen Sie zum n\u00e4chsten Bestellschritt.<\/p>    <\/div>\n<\/div>\n<!-- \/module text -->        <\/div>\n                        <\/div>\n        <\/div>\n                        <div  data-lazy=\"1\" class=\"module_row themify_builder_row tb_xqfq600 tf_w\">\n                        <div class=\"row_inner col_align_top tb_col_count_1 tf_box tf_rel\">\n                        <div  data-lazy=\"1\" class=\"module_column tb-column col-full  tb_768h180 first\">\n                    <!-- module text -->\n<div  class=\"module module-text tb_08ct228   \" data-lazy=\"1\">\n        <div  class=\"tb_text_wrap\">\n        <h3><strong>2. Bestellvor<\/strong><strong>gang<\/strong><strong> abschlie\u00dfen \/ AGB und Datenschutz \/ Kasse<br \/><\/strong><\/h3><p>Geben Sie hier Ihre Adresse ein. Bitte lesen Sie die <a title=\\\"AGB\\\" href=\\\"http:\/\/westino.com\/wpp\/index.php\/agb\/\\\">AGBs<\/a> und die Widerrufsbelehrung sowie die <a title=\\\"Datenschutz\\\" href=\\\"http:\/\/westino.com\/wpp\/index.php\/datenschutz\/\\\">Datenschutzerkl\u00e4rung<\/a> aufmerksam durch und stimmen Sie anschlie\u00dfend den Bedingungen zu.\u00a0<\/p><p>Sie erhalten eine \u00dcbersicht Ihrer Bestellung mit den von Ihnen ausgew\u00e4hlten Produkten.<\/p><p>Mit dem Anklicken des Buttons \u201cZahlungspflichtig Bestellen\u201d \u00fcbersenden Sie Ihre Bestellung an uns. Hiermit geben Sie ein rechtsverbindliches Angebot ab.<\/p><h3><strong>3<\/strong><strong>.<\/strong><strong> Zahlverfahren<\/strong><\/h3><p>Als Zahlverfahren akzeptieren wir ausschlie\u00dflich paydirekt und PayPal.<\/p><h3><strong>4. Bestellbest\u00e4tigung &amp; Rechnung<br \/><\/strong><\/h3><p>Nach erfolgter Bezahlung erhalten Sie eine Best\u00e4tigung inklusive der Rechnung als pdf Datei per eMail.\u00a0<\/p><p>Wenn Sie keine E-Mail erhalten haben, kann das verschiedene Gr\u00fcnde haben:<\/p><ul><li>In manchen F\u00e4llen kann es vorkommen, dass die von uns gesendete Nachricht von Ihrem Spamfilter gefiltert wird. Bitte pr\u00fcfen Sie daher den Spamordner Ihres Maildienstes.<\/li><li>Bitte pr\u00fcfen Sie, ob Ihr Postkorb voll ist.<\/li><\/ul><h3><strong>5. Versandkosten &amp; Postversand<\/strong><\/h3>    <\/div>\n<\/div>\n<!-- \/module text -->        <\/div>\n                        <\/div>\n        <\/div>\n                        <div  data-lazy=\"1\" class=\"module_row themify_builder_row tb_1i9q380 tf_w\">\n                        <div class=\"row_inner col_align_top tb_col_count_2 tf_box tf_rel\">\n                        <div  data-lazy=\"1\" class=\"module_column tb-column col4-1  tb_siof838 first\">\n                    <!-- module image -->\n<div  class=\"module module-image tb_dtsa662 image-left rounded  tf_mw\" data-lazy=\"1\">\n        <div class=\"image-wrap tf_rel tf_mw\">\n            <img loading=\"lazy\" decoding=\"async\" src=\"\/wpp\/wp-content\/uploads\/2015\/02\/C0D3R_Postversand.png\" width=\"160\" height=\"236\" title=\"Kundeninformationen\" alt=\"Kundeninformationen\">    \n        <\/div>\n    <!-- \/image-wrap -->\n    \n        <\/div>\n<!-- \/module image -->        <\/div>\n                    <div  data-lazy=\"1\" class=\"module_column tb-column col4-3  tb_91f0228 last\">\n                    <!-- module text -->\n<div  class=\"module module-text tb_p3tg360   \" data-lazy=\"1\">\n        <div  class=\"tb_text_wrap\">\n        <p>Es fallen keine separaten Versandkosten an. Der Postversand erfolgt ausschlie\u00dflich innerhalb Deutschlands als\u00a0 Briefpost (Kompaktbrief) mit der Deutsche Post AG. Bitte verwenden Sie keine Packstation Adressen.<br \/><br \/>Wie lange dauert der Versand der Ware nach der Bestellung?<br \/>In der Regel dauert es nur wenige Tage, bis die Ware bei Ihnen eintrifft. Die Dauer des Versands entspricht der Standardpostlaufzeit.<br \/><br \/>Beachten Sie, dass der Versand der Ware erst nach Geldeingang auf unserem Konto bzw. PayPal Account erfolgt.\u00a0<\/p>    <\/div>\n<\/div>\n<!-- \/module text -->        <\/div>\n                        <\/div>\n        <\/div>\n                        <div  data-lazy=\"1\" class=\"module_row themify_builder_row tb_e2rx300 tf_w\">\n                        <div class=\"row_inner col_align_top tb_col_count_1 tf_box tf_rel\">\n                        <div  data-lazy=\"1\" class=\"module_column tb-column col-full  tb_zpp2000 first\">\n                    <!-- module text -->\n<div  class=\"module module-text tb_opbo223   \" data-lazy=\"1\">\n        <div  class=\"tb_text_wrap\">\n        <h3>6. Kontakt<\/h3>\n<p><strong>Westino\u00a0GmbH<\/strong><br \/>\nAlte Mainzer Gasse 15<br \/>\n60311 Frankfurt am Main<\/p>\n<p><img class=\\\"alignnone size-full wp-image-2982\\\" src=\\\"\/wpp\/wp-content\/uploads\/2015\/02\/email.png\\\" alt=\\\"email\\\" width=\\\"178\\\" height=\\\"16\\\" \/><\/p>\n    <\/div>\n<\/div>\n<!-- \/module text -->        <\/div>\n                        <\/div>\n        <\/div>\n        <\/div>\n<!--\/themify_builder_content-->\n","protected":false},"excerpt":{"rendered":"<p>Kundeninformationen1. Warenkorb<\/p>\n","protected":false},"author":1,"featured_media":0,"parent":0,"menu_order":0,"comment_status":"open","ping_status":"open","template":"","meta":{"footnotes":""},"class_list":["post-2819","page","type-page","status-publish","hentry","has-post-title","has-post-date","has-post-category","has-post-tag","has-post-comment","has-post-author",""],"builder_content":"<h2><strong>Kundeninformationen<\/strong><\/h2><h3><strong>1. Warenkorb<\/strong><\/h3>\n<img src=\"\/wpp\/wp-content\/uploads\/2014\/10\/C0D3R_shopping_cart.png\" width=\"138\" height=\"250\" title=\"Kundeninformationen\" alt=\"Kundeninformationen\">\n<p>W\u00e4hlen Sie die Produkte aus, die Sie bestellen m\u00f6chten, indem Sie den \u201cIn den Warenkorb\u201d Button anklicken. Dadurch wird Ihre Auswahl in den Warenkorb gelegt. Sie k\u00f6nnen diese Auswahl bis zum Absenden Ihrer Bestellung jederzeit \u00e4ndern, in dem Sie die Anzahl der Produkte \u00e4ndern, durch Anklicken des K\u00e4stchens \u201cEntfernen\u201d die Auswahl l\u00f6schen oder den Bestellvorgang abbrechen. Durch Anklicken von \u201cWeiter zur Kasse\u201d gelangen Sie zum n\u00e4chsten Bestellschritt.<\/p>\n<h3><strong>2. Bestellvor<\/strong><strong>gang<\/strong><strong> abschlie\u00dfen \/ AGB und Datenschutz \/ Kasse<br \/><\/strong><\/h3><p>Geben Sie hier Ihre Adresse ein. Bitte lesen Sie die <a title=\\\"AGB\\\" href=\\\"http:\/\/westino.com\/wpp\/index.php\/agb\/\\\">AGBs<\/a> und die Widerrufsbelehrung sowie die <a title=\\\"Datenschutz\\\" href=\\\"http:\/\/westino.com\/wpp\/index.php\/datenschutz\/\\\">Datenschutzerkl\u00e4rung<\/a> aufmerksam durch und stimmen Sie anschlie\u00dfend den Bedingungen zu.\u00a0<\/p><p>Sie erhalten eine \u00dcbersicht Ihrer Bestellung mit den von Ihnen ausgew\u00e4hlten Produkten.<\/p><p>Mit dem Anklicken des Buttons \u201cZahlungspflichtig Bestellen\u201d \u00fcbersenden Sie Ihre Bestellung an uns. Hiermit geben Sie ein rechtsverbindliches Angebot ab.<\/p><h3><strong>3<\/strong><strong>.<\/strong><strong> Zahlverfahren<\/strong><\/h3><p>Als Zahlverfahren akzeptieren wir ausschlie\u00dflich paydirekt und PayPal.<\/p><h3><strong>4. Bestellbest\u00e4tigung &amp; Rechnung<br \/><\/strong><\/h3><p>Nach erfolgter Bezahlung erhalten Sie eine Best\u00e4tigung inklusive der Rechnung als pdf Datei per eMail.\u00a0<\/p><p>Wenn Sie keine E-Mail erhalten haben, kann das verschiedene Gr\u00fcnde haben:<\/p><ul><li>In manchen F\u00e4llen kann es vorkommen, dass die von uns gesendete Nachricht von Ihrem Spamfilter gefiltert wird. Bitte pr\u00fcfen Sie daher den Spamordner Ihres Maildienstes.<\/li><li>Bitte pr\u00fcfen Sie, ob Ihr Postkorb voll ist.<\/li><\/ul><h3><strong>5. Versandkosten &amp; Postversand<\/strong><\/h3>\n<img src=\"\/wpp\/wp-content\/uploads\/2015\/02\/C0D3R_Postversand.png\" width=\"160\" height=\"236\" title=\"Kundeninformationen\" alt=\"Kundeninformationen\">\n<p>Es fallen keine separaten Versandkosten an. Der Postversand erfolgt ausschlie\u00dflich innerhalb Deutschlands als\u00a0 Briefpost (Kompaktbrief) mit der Deutsche Post AG. Bitte verwenden Sie keine Packstation Adressen.<br \/><br \/>Wie lange dauert der Versand der Ware nach der Bestellung?<br \/>In der Regel dauert es nur wenige Tage, bis die Ware bei Ihnen eintrifft. Die Dauer des Versands entspricht der Standardpostlaufzeit.<br \/><br \/>Beachten Sie, dass der Versand der Ware erst nach Geldeingang auf unserem Konto bzw. PayPal Account erfolgt.\u00a0<\/p>\n<h3>6. Kontakt<\/h3> <p><strong>Westino\u00a0GmbH<\/strong><br \/> Alte Mainzer Gasse 15<br \/> 60311 Frankfurt am Main<\/p> <p><img class=\\\"alignnone size-full wp-image-2982\\\" src=\\\"\/wpp\/wp-content\/uploads\/2015\/02\/email.png\\\" alt=\\\"email\\\" width=\\\"178\\\" height=\\\"16\\\" \/><\/p>","_links":{"self":[{"href":"https:\/\/westino.com\/wpp\/index.php\/wp-json\/wp\/v2\/pages\/2819","targetHints":{"allow":["GET"]}}],"collection":[{"href":"https:\/\/westino.com\/wpp\/index.php\/wp-json\/wp\/v2\/pages"}],"about":[{"href":"https:\/\/westino.com\/wpp\/index.php\/wp-json\/wp\/v2\/types\/page"}],"author":[{"embeddable":true,"href":"https:\/\/westino.com\/wpp\/index.php\/wp-json\/wp\/v2\/users\/1"}],"replies":[{"embeddable":true,"href":"https:\/\/westino.com\/wpp\/index.php\/wp-json\/wp\/v2\/comments?post=2819"}],"version-history":[{"count":3,"href":"https:\/\/westino.com\/wpp\/index.php\/wp-json\/wp\/v2\/pages\/2819\/revisions"}],"predecessor-version":[{"id":2871,"href":"https:\/\/westino.com\/wpp\/index.php\/wp-json\/wp\/v2\/pages\/2819\/revisions\/2871"}],"wp:attachment":[{"href":"https:\/\/westino.com\/wpp\/index.php\/wp-json\/wp\/v2\/media?parent=2819"}],"curies":[{"name":"wp","href":"https:\/\/api.w.org\/{rel}","templated":true}]}}